ivided by 11.
8
Calculate the remainder when 7 is divided by (27/(-45))/(3/(-15)).
1
Suppose -12*p = -10*p - 30. What is the remainder when ((-8)/(-6))/((-1)/(-42)) is divided by p?
11
Suppose -53 - 147 = y. What is the remainder when 44 is divided by 3/(-4)*y/10?
14
Let v(m) = m + 12. Let k = 7 + -4. What is the remainder when v(-9) is divided by k?
0
Suppose 12 + 2 = -b. Let i = 8 - b. Calculate the remainder when i is divided by 8.
6
Suppose 2*d - 8*r + 4*r = 26, 5*d - 3*r = 30. Let h = d - 0. Suppose -5*s = 20, 7 + 26 = v - h*s. What is the remainder when v is divided by 11?
10
Let t(q) = -4*q - 1. Let m be t(-7). Suppose -5*c = -v - 2 - 18, -3*v = -4*c + m. What is the remainder when 8 is divided by c?
2
Let c(x) = x**2 - x + 3. Let t = -40 + 59. What is the remainder when t is divided by c(-1)?
4
Suppose 3*i = 3*a - 234, -2*a + 176 = i + i. What is the remainder when a is divided by 17?
15
Suppose -34 = -2*y + 62. What is the remainder when y is divided by 10?
8
Suppose -y - 3*q = -6*y + 16, -3*q = 5*y - 34. Calculate the remainder when 18 is divided by y.
3
Suppose b = 2*b - 2. Suppose -23 = -b*s + 25. Suppose 3*n = -0*n + s. Calculate the remainder when 14 is divided by n.
6
Suppose 6*z - 2*z - 192 = 0. What is the remainder when z is divided by 10?
8
Suppose 0 = -3*j + 2*j + 37. Let z(o) = -12*o**3 + 2*o**2 + o. Suppose 4*v - 15 = -5*h, -4*v + 24 = -2*h - 2*h. What is the remainder when j is divided by z(h)?
11
Suppose 4*d + 0*d - 316 = 0. What is the remainder when d is divided by 20?
19
Let d = 27 - -13. Let f = 110 - 96. What is the remainder when d is divided by f?
12
Suppose -3*x = -2*x - 15. Suppose 0 = 3*z + x, 3*z + 25 = 3*r - r. What is the remainder when 40/(-2)*(-2)/r is divided by 3?
2
Calculate the remainder when 49 is divided by (6 - 1)*2/1.
9
Suppose p - 2*p = -5. Calculate the remainder when 14 is divided by p.
4
Let b be 38 - (-6)/4*-2. Suppose 2*w - b = -3*w. What is the remainder when 26 is divided by w?
5
Suppose 0 = -t - 4*b - 6, 3*t + 3*b = -6 - 3. Calculate the remainder when 7 - -3 - 2 - 3 is divided by t/(2/(-3) + 0).
2
Calculate the remainder when 29 is divided by 6 + (-4)/(1 + 3).
4
Let k = 35 - -26. What is the remainder when k is divided by 16?
13
Let c = 348 + -230. What is the remainder when c is divided by 31?
25
Suppose 3*h + 3 = 0, -13*i + 95 = -9*i - 3*h. What is the remainder when i is divided by 8?
7
What is the remainder when (-1212)/(-11) - (-2)/(-11) is divided by 28?
26
Let u be 1 + (2 - (-1 + 1)). Suppose -4*p - 4*o = -6*o + 8, -2*o = -u*p - 4. Calculate the remainder when 32 is divided by 2*(-2)/p + 16.
15
Suppose 10*o - 34 = 8*o. Calculate the remainder when 82 is divided by o.
14
Suppose -d = -5 - 7. What is the remainder when 46 is divided by d?
10
Let n = -102 + 191. What is the remainder when n is divided by 15?
14
Let x(a) = -a**2 - 5*a - 4. Let z be x(-3). Calculate the remainder when 32 is divided by -1 + 14 - (4 - z).
10
Let n(d) be the second derivative of 3*d - 9/2*d**2 + 2/3*d**3 + 0. Calculate the remainder when n(8) is divided by 8.
7
Let v be -72*(8/(-3))/2. Suppose -2*s + v = 2*s. Let g = s + -9. Calculate the remainder when g is divided by 8.
7
Suppose 0 = 5*u - 28 - 32. Calculate the remainder when 58 is divided by u.
10
Let o(u) = 10*u - 13. What is the remainder when o(4) is divided by 10?
7
Let u(q) = 3 + 0*q - 2*q + q. What is the remainder when (4 - 1)/3 + 31 is divided by u(-8)?
10
Calculate the remainder when 50 is divided by (-20)/(-6)*294/70.
8
Suppose 3*y - y = 12. Let u be 3/(-2) + 3/y. Let k(n) = 7*n**2 + n. What is the remainder when 11 is divided by k(u)?
5
Let q = -108 + 169. Calculate the remainder when q is divided by 31.
30
Let l = -5 + 8. Let j be (48/(-60))/(2/(-15)). Calculate the remainder when (2 - -8) + j/(-3) is divided by l.
2
Suppose 15 = 3*s - 0. What is the remainder when 9 is divided by s?
4
What is the remainder when (-31 + 1)*(-75)/50 is divided by 26?
19
Let z(w) be the third derivative of -w**4/8 + w**3/6 + 2*w**2. Calculate the remainder when z(-11) is divided by 12.
10
Let g = -99 - -103. What is the remainder when g is divided by 4?
0
Let q(x) = x**2 - 2*x - 2. Let d(i) = i**3 + 5*i**2 - 6*i - 3. Let b be d(-6). Let c = 19 + 17. What is the remainder when c is divided by q(b)?
10
Let b be ((-3)/6)/((-1)/2). Suppose -3*r + 13 = -s, 7 = -5*s - 13. Calculate the remainder when b/(2/14) - -1 is divided by r.
2
Let p(n) = -n + 7. Suppose 0 = 3*w - 5 - 4. What is the remainder when w is divided by p(6)?
0
Let m be 130/14 - (-2)/(-7). Let a(i) = i - 3. Let t be a(-5). Let w = m - t. What is the remainder when 33 is divided by w?
16
Let w = 33 - 61. Let k = w + 39. What is the remainder when 40 is divided by k?
7
What is the remainder when 23 is divided by ((-26)/5*15/(-6))/1?
10
Let w = 25 + 7. Suppose -a + 2*v + w = 0, 3*v - 5 = 1. Let h = -12 + a. Calculate the remainder when 70 is divided by h.
22
Let o be (-9)/(2/2 - 2). Let m be 3/o*151*3. Suppose -4*b = -m + 19. What is the remainder when b is divided by 17?
16
Calculate the remainder when 66 is divided by (1*(1 - 2))/((-6)/42).
3
Let i be (-7 + -13)/(-1*2). Let x = i - 5. Suppose 2*h = -6, -2*l + x*h - 21 = -68. What is the remainder when 30 is divided by l?
14
Suppose -s = -2*g - g - 29, 2*s - 38 = -4*g. Let m = s - 9. Calculate the remainder when (-80)/(-3) + (-2)/3 is divided by m.
12
Suppose 2*w - 4*x + 752 = 0, 0*w + x - 764 = 2*w. Calculate the remainder when w/(-15) + 4/10 is divided by 7.
5
Let a(b) = -b**3 - 6*b**2 + 2*b + 9. Let p be a(-6). Let x be 6/(6/16 + 0). Let u = p + x. Calculate the remainder when 37 is divided by u.
11
Let w be -3 - 1/((-2)/6). Suppose -d + 2 = w, -4*b + 0*d = -2*d - 24. What is the remainder when 11 is divided by b?
4
Suppose -2*r + 5 = q - 7, -r + 51 = 5*q. What is the remainder when 32 is divided by q?
2
Let r(k) = k + 4. Calculate the remainder when 30 is divided by r(12).
14
Let y = 5 - -24. Let m = -64 - -80. What is the remainder when y is divided by m?
13
Let p(x) = -2*x - 3. Suppose 0 = 5*s + 4*w + 34, -4*s - w - 24 = 3*w. Calculate the remainder when p(s) is divided by 9/2*(0 + 2).
8
Suppose -15*j + 7*j + 424 = 0. What is the remainder when j is divided by 9?
8
What is the remainder when 19 is divided by (105/60)/(0 + 2/8)?
5
Let k = 107 + -54. Calculate the remainder when k is divided by 27.
26
Let k be 2 + -2 - (0 + -21). Let s = k - 5. Calculate the remainder when 46 is divided by s.
14
Let t(y) = y**3 - 4*y**2 - 10*y + 14. Calculate the remainder when 77 is divided by t(6).
25
Suppose 6 = x + 2*x, 0 = -2*w - x + 330. What is the remainder when w is divided by 33?
32
Let c(i) = 8*i**3 + 4*i**2 - 4. Let m be c(-2). Let k = m + 91. Calculate the remainder when k is divided by 6.
3
Let r(h) = -2*h**2 + 26*h - 13. What is the remainder when r(10) is divided by 18?
11
Suppose 0 = 4*t - 5*t + 3. Suppose t*i = -0*i - 15, -3*i - 20 = -u. Calculate the remainder when 19 is divided by u.
4
Suppose -2*b - 3*g + 10 = -b, 2*g = -3*b + 2. Let u = 22 - b. Let r(z) = -3*z + 4. Calculate the remainder when u is divided by r(-3).
11
Let d(k) = k**3 + 4*k**2 + 3*k. What is the remainder when d(-2) is divided by (-1 + (-2)/(-1))*1?
0
Let j = 0 - -5. Suppose 72 = 5*k - 23. Calculate the remainder when k is divided by j.
4
Suppose -4*b - 15 = 3*r, -2*r - 4 - 2 = 4*b. Let q = 23 + r. Calculate the remainder when q is divided by 5.
4
Let h(d) = -d**3 - d**2 - d - 16. Let p be h(0). Let j = p + 23. Calculate the remainder when 18 is divided by j.
4
Suppose 0*t - s = 4*t - 46, 3*s = 4*t - 54. What is the remainder when 22 is divided by t?
10
Let r(c) = -c**2 - 23*c - 47. Calculate the remainder when 63 is divided by r(-20).
11
Let v(u) = -2*u**3 - 10*u**2 - 2*u - 4. Calculate the remainder when 29 is divided by v(-5).
5
Let s(p) = 29*p**2. Let n = 13 + -14. What is the remainder when s(n) is divided by 15?
14
Let x(r) = -3*r - 1. Calculate the remainder when 19 is divided by x(-4).
8
Let f(b) = -b + 4. Let u be (-6)/2*34/(-3). Let i = 53 - u. Calculate the remainder when i is divided by f(-3).
5
Calculate the remainder when 2/(-10) + (-6314)/(-70) is divided by 23.
21
Calculate the remainder when 11 is divided by 6/(3 + -1) + 3.
5
Let f(o) = -o + 8. Let m be f